uppose -a = r + 2, 0*r + v*r = 5*a - 10. Suppose 5 = -t + 4, 4*z - 2*t - 154 = a. What is the tens digit of z?
3
Let t = -19 - -32. Let x(h) = 25*h**2 - 49*h + 10. Let z(c) = 28*c**2 - 52*c + 11. Let v(q) = -9*x(q) + 8*z(q). What is the tens digit of v(t)?
5
Let b be 96/(-15) + 14/35. Let t(c) = 23*c**3 + c**2 + 2*c. Let m be t(-2). What is the units digit of ((-9)/b)/((-3)/m)?
2
Let x(a) = 14152*a - 98. What is the thousands digit of x(1)?
4
Suppose 10*h + 1246 = 8*h + x, 5*h = 5*x - 3125. Let l = -322 - h. What is the hundreds digit of l?
2
Let r = 740 - 430. Suppose r + 290 = 2*a + 4*l, 0 = a + l - 296. What is the tens digit of a?
9
What is the tens digit of 3051/(-81)*-105 + 23?
7
Let b be -85 - -2 - (-2 + 0). Let v = b + 135. Let j = v - 19. What is the units digit of j?
5
Let f(n) = -4*n**3 - 30*n**2 - 17*n + 1. Let x be f(-8). Let u = x - -481. What is the tens digit of u?
4
Let c be 3 + (-141)/(-4)*(-96)/(-18). Suppose -241 = -u + c. What is the tens digit of u?
3
Suppose -49*w + 2278576 = -1260253. What is the hundreds digit of w?
2
Suppose -x = 5*m - 63216, -2*x - 10*m = -5*m - 126397. What is the units digit of x?
1
Let g = -20972 - -28061. What is the hundreds digit of g?
0
Suppose -1502 = 3*b + 5*a - 364, -2*b - 2*a = 764. Let k = 635 + b. What is the units digit of k?
9
Let m(g) = 67*g - 185. Let j be m(25). Suppose 13*o - 14828 + j = 0. What is the units digit of o?
6
Let x = 157 - 112. Let o = x + -31. Suppose -13*z + o*z - 14 = 0. What is the tens digit of z?
1
Suppose -3*o + 108180 = -3*u + 6*u, -u = 3*o - 36048. What is the tens digit of u?
6
Let s be 2/6 - (-788)/12. Let w be 13/((-39)/(-3))*0. Suppose w = t - 65 - s. What is the hundreds digit of t?
1
Let w(d) = -2*d**2 + 23*d - 13. Let g be w(10). Suppose -13*a = -g*a + 252. What is the units digit of (8/(-12))/((-6)/a)?
7
What is the units digit of 2380 - 0 - (-162)/(-18)?
1
Let q(o) = -255*o + 42. Let y(b) = 9*b - 173. Let g be y(19). What is the tens digit of q(g)?
5
Let o be (-7*(3 - 1) - -3)*-35. Suppose -k + 29 = -o. What is the units digit of k?
4
Suppose -15*c = -17*c + 76. Let y be (-4)/(-18) + c/(-9) + 31. What is the units digit of 1 + 4/(12/y)?
0
Let w be ((-4)/5)/(18/(-45)). Let y be 0*(30/(-50) - w/5). What is the tens digit of (-90)/(-35)*(35 + y)?
9
Let n = -27 + 43. Let z = -34 + 163. What is the tens digit of z/12 - (84/n)/7?
1
Let u = 9 + -7. Let y(c) = 17 + 2*c**3 + 4*c**u - 7*c + 0*c**2 - 5*c**2. What is the tens digit of y(4)?
0
Let g be (-24136)/70 - 12/(-15). Let t = 76 - g. What is the units digit of t?
0
Let q(g) = g**3 - 8*g**2 - 13*g + 32. Suppose -d - 4*i - 1 = 4, 0 = -3*d - 4*i + 17. What is the tens digit of q(d)?
5
Let y be (2 + 5 + -6)/(2/24). Suppose y*u = 20*u - 1072. What is the units digit of u?
4
Let j = 4616 - 3549. What is the units digit of j?
7
Let l(c) = -45*c**3 + 28*c**2 - 25*c - 118. What is the tens digit of l(-8)?
1
Suppose -3*k - 116030 = -21*k + 49876. What is the hundreds digit of k?
2
Let f(t) = 38*t + 115. Let n be f(7). Let b = 60 + n. What is the tens digit of b?
4
Suppose -i - 2*b = 15, 2*i + b + 15 = 2*b. Let x be 34/9 - 2/i. Suppose 6*j - 3*j - 483 = 2*t, -x*j - 2*t + 644 = 0. What is the tens digit of j?
6
Let u = -6 - -6. Suppose -2*q - i + 981 + 106 = 0, q + 5*i - 539 = u. Suppose -q = -3*d - v, -d + 5*v + 179 = -29. What is the hundreds digit of d?
1
Let l(d) be the first derivative of 10*d**3/3 + d**2 + 41. Let k be l(-7). Let c = -309 + k. What is the tens digit of c?
6
What is the units digit of (2 + -15)*(-4 + -3 - 796)?
9
Let l = 14189 + -13926. What is the tens digit of l?
6
Suppose c + 4 = 0, 4*c - 12 = -5*r + 17. Let o(t) = -2*t**3 + 21*t**2 - 5. What is the units digit of o(r)?
8
Let i = 8873 - 2561. What is the hundreds digit of i?
3
Suppose 0 = -4*w - 5 - 3, h - 4*w - 49 = 0. Suppose b + 48 = -3*l - 3, -3*l = -4*b - 204. Let z = h - b. What is the units digit of z?
2
Let q(u) = 296*u**2 + 585*u - 7173. What is the tens digit of q(12)?
7
Suppose -40992 = -3*j - 4*x, -10910 - 2784 = -j + 2*x. What is the thousands digit of j?
3
Let t(p) = 2*p**2 - 36*p - 15. Let i = -280 + 303. What is the hundreds digit of t(i)?
2
Let x(o) = -3*o**2 - 32*o + 31. Let k be x(-8). Suppose -a + 53 = -2*y - k, -5*a = y - 729. What is the tens digit of a?
4
Let f(l) = -1. Let t(g) = -14*g**3 + 13*g**2 - 39*g - 4. Let j(z) = 6*f(z) - t(z). What is the hundreds digit of j(4)?
8
Suppose -4*p = 4*i - 2360, -9*p = -14*p + i + 2950. What is the tens digit of 5*4/4 + 4 + p?
9
Suppose 23462 = 4*w + 9*n, 4*w + 5*n = 18400 + 5054. What is the tens digit of w?
6
Suppose 6*r + 2*a = 13*r - 2383, 3*a + 15 = 0. What is the hundreds digit of r?
3
What is the tens digit of 2850/(-18)*-30 + -2?
4
Suppose 7*o + 40*o = 5*o + 910182. What is the hundreds digit of o?
6
Let v(c) = -3 - 6*c - 3 + 4 + 0. Let m be v(-2). Let x(h) = h**3 - 11*h**2 + 16*h - 4. What is the units digit of x(m)?
6
Suppose -8939*x + 8904*x = -636580. What is the hundreds digit of x?
1
Let g(l) = -426*l**2 + 25*l - 26. Let u be g(1). Let h = 711 + u. What is the tens digit of h?
8
Let k(c) be the second derivative of 38*c**3 - 4*c**2 + 25*c + 1. What is the hundreds digit of k(4)?
9
Let h = 7104 - -3167. What is the thousands digit of h?
0
Suppose -11*q - 17*q + 172728 = 8*q. What is the thousands digit of q?
4
Suppose 0 = -117096*t + 117094*t + 77678. What is the thousands digit of t?
8
Suppose 8*z = 5*z + 15. Suppose -117*p - 12 = -121*p. Suppose -p*t + z*t = 178. What is the tens digit of t?
8
Suppose 5*b = 10*t - 5*t + 1330, 4*b = -2*t + 1088. What is the hundreds digit of (-60)/b + ((-3242)/(-9) - -1)?
3
Let w = -48 - -43. Suppose -r = -a + 3, 2*a - 5 = 5*r - 4*r. What is the units digit of ((-8)/(1 + w))/(a/118)?
8
Let m be 9 - (1 + -1 + 0). Let a be 123/(-9) - (-3 + 8/6). What is the tens digit of (-1028)/a - 6/m*1?
8
Suppose 4*q - 5*p - 17 = 0, 1 = 3*p + 4. Let s(r) = 4*r**3 - r**3 - 2*r**3 - 3*r - 2*r**q + 9*r**2. What is the units digit of s(7)?
7
Suppose -3*y - 231 = 567. Let p = y - -668. What is the hundreds digit of p?
4
Suppose -1755893 = -11*t - 12*t + 251156. What is the ten thousands digit of t?
8
Let b(g) = -7*g**3 - 6*g**2 - 38*g + 147. What is the hundreds digit of b(-12)?
8
What is the hundreds digit of (19 - 1) + 1527 + -21?
5
Let h(i) = -3*i + 28. Suppose -2*k - 53 = -195. Let d = k + -84. What is the units digit of h(d)?
7
Let b(s) = -s**3 - 13*s**2 - 6*s - 51. Let v be b(-13). Suppose 3*f - 2208 = -3*d, v*d = 4*f + 30*d - 2949. What is the units digit of f?
1
Suppose z + 25 = 6*z. Suppose -4*f + 2 = k, z*k = -4*f + 3*k + 4. Suppose 3*l - 2*i = -6*i + 122, f = 3*l + 3*i - 126. What is the units digit of l?
6
Suppose 0 = -2*g + 6, 854 = 2*m + 5*g - 787. What is the tens digit of m?
1
Let c(p) be the second derivative of -9*p**5/20 + 5*p**4/12 + 5*p**3/3 + 4*p**2 + 5*p - 3. What is the hundreds digit of c(-4)?
6
Let b(p) = 3*p**2 - 2*p - 150. Let t(h) = 7*h**2 - 4*h - 302. Let k(z) = 10*b(z) - 4*t(z). What is the tens digit of k(22)?
8
Suppose 0 = 22*x - 20*x - 8. Suppose -2 = -x*n + 3*y + 3, 0 = -2*n + 4*y. Suppose -w + 96 = n*c, -5*c + 7*c + 6 = 0. What is the units digit of w?
2
Let w = -273 - -198. Let t = w + 294. What is the hundreds digit of t?
2
Let r = 8049 - -29942. What is the tens digit of r?
9
What is the hundreds digit of ((-36 - 777996)/36)/((-4)/6)?
4
Let g be (2/3 + -1)*0/5. Suppose g = 6*h - 18 + 6. Suppose -127 = q - 2*q - v, 5*q - 647 = -h*v. What is the units digit of q?
1
Suppose 807 + 497 = -4*l. Let a = 568 + l. What is the units digit of a?
2
Suppose -4455 = -29*g - 511. What is the units digit of g?
6
Suppose 3*d - 69 = 5*q + 154, d + 5*q - 61 = 0. Let f = d - 111. What is the tens digit of 746/7 + f/70?
0
Let c = 7 - 3. Suppose -78*m + 75*m + 408 = 0. Suppose 3*i = -0*t + c*t - 459, 0 = t - 5*i - m. What is the units digit of t?
1
Let y(b) = 10*b - 45 - 13*b - 3*b**2 + 7*b**2 + 11*b + 3*b**2. What is the units digit of y(-14)?
5
Suppose -2 = -7*v - 9. What is the units digit of v - (257 - 2)/(-1)?
4
Let y = 991 + -561. Let w be (298/(-5))/((-9)/(-45)). Let j = y + w. What is the hundreds digit of j?
1
Let t(b) = 2*b**2 + 10*b - 23. Let c be t(-12). Let y = c + -83. Let v = y - 31. What is the units digit of v?
1
Let 